{"id":5,"date":"2021-09-23T10:36:55","date_gmt":"2021-09-23T08:36:55","guid":{"rendered":"http:\/\/legaliteenjeu.fr\/?page_id=5"},"modified":"2023-02-22T15:34:57","modified_gmt":"2023-02-22T14:34:57","slug":"bienvenue","status":"publish","type":"page","link":"https:\/\/legaliteenjeu.fr\/","title":{"rendered":"Bienvenue dans l&#8217;\u00e8re de l&#8217;\u00c9galit\u00e9 !"},"content":{"rendered":"\r\n<p class=\"has-text-align-center\">L\u2019\u00c9galit\u00e9 en Jeu conjugue <strong>plaisir de jouer<\/strong>, de<br \/><strong>d\u00e9couvrir<\/strong> et de <strong>s\u2019engager<\/strong> gr\u00e2ce \u00e0 un v\u00e9ritable parcours d\u2019apprentissage ludique et accessible \u00e0 tous pour faciliter la compr\u00e9hension des st\u00e9r\u00e9otypes et de leurs effets. Avec ce jeu, nous apportons une solution innovante pour impliquer chacun des collaborateurs qui d\u00e9tient une partie des leviers du changement.<\/p>\r\n\r\n\r\n\r\n<figure class=\"wp-block-gallery columns-1 is-cropped\">\r\n<ul class=\"blocks-gallery-grid\">\r\n<li class=\"blocks-gallery-item\">\r\n<figure><img loading=\"lazy\" width=\"494\" height=\"230\" class=\"wp-image-36\" src=\"https:\/\/legaliteenjeu.fr\/wp-content\/uploads\/2021\/09\/PLAYLEARN.png\" alt=\"\" data-id=\"36\" data-full-url=\"https:\/\/legaliteenjeu.fr\/wp-content\/uploads\/2021\/09\/PLAYLEARN.png\" data-link=\"https:\/\/legaliteenjeu.fr\/playlearn\/\" srcset=\"https:\/\/legaliteenjeu.fr\/wp-content\/uploads\/2021\/09\/PLAYLEARN.png 494w, https:\/\/legaliteenjeu.fr\/wp-content\/uploads\/2021\/09\/PLAYLEARN-300x140.png 300w\" sizes=\"(max-width: 494px) 100vw, 494px\" \/><\/figure>\r\n<\/li>\r\n<\/ul>\r\n<\/figure>\r\n\r\n\r\n\r\n<div class=\"wp-container-1 wp-block-buttons aligncenter\">\r\n<div class=\"wp-block-button is-style-fill\"><a class=\"wp-block-button__link has-white-color has-text-color has-background\" style=\"border-radius: 10px; background-color: #ff8e04;\" href=\"https:\/\/legaliteenjeu.fr\/egaliteenjeu\/index.html\">\u00c0 vous de jouer !<\/a><\/div>\r\n<\/div>\r\n\r\n\r\n\r\n<p>&nbsp;<\/p>\r\n","protected":false},"excerpt":{"rendered":"<p>L\u2019\u00c9galit\u00e9 en Jeu conjugue plaisir de jouer, ded\u00e9couvrir et de s\u2019engager gr\u00e2ce \u00e0 un v\u00e9ritable parcours d\u2019apprentissage ludique et accessible \u00e0 tous pour faciliter la compr\u00e9hension des st\u00e9r\u00e9otypes et de leurs effets. Avec ce jeu, nous apportons une solution innovante &hellip; <a href=\"https:\/\/legaliteenjeu.fr\/\">Continue reading <span class=\"meta-nav\">&rarr;<\/span><\/a><\/p>\n","protected":false},"author":1,"featured_media":0,"parent":0,"menu_order":0,"comment_status":"closed","ping_status":"closed","template":"onecolumn-page.php","meta":[],"_links":{"self":[{"href":"https:\/\/legaliteenjeu.fr\/index.php\/wp-json\/wp\/v2\/pages\/5"}],"collection":[{"href":"https:\/\/legaliteenjeu.fr\/index.php\/wp-json\/wp\/v2\/pages"}],"about":[{"href":"https:\/\/legaliteenjeu.fr\/index.php\/wp-json\/wp\/v2\/types\/page"}],"author":[{"embeddable":true,"href":"https:\/\/legaliteenjeu.fr\/index.php\/wp-json\/wp\/v2\/users\/1"}],"replies":[{"embeddable":true,"href":"https:\/\/legaliteenjeu.fr\/index.php\/wp-json\/wp\/v2\/comments?post=5"}],"version-history":[{"count":9,"href":"https:\/\/legaliteenjeu.fr\/index.php\/wp-json\/wp\/v2\/pages\/5\/revisions"}],"predecessor-version":[{"id":145,"href":"https:\/\/legaliteenjeu.fr\/index.php\/wp-json\/wp\/v2\/pages\/5\/revisions\/145"}],"wp:attachment":[{"href":"https:\/\/legaliteenjeu.fr\/index.php\/wp-json\/wp\/v2\/media?parent=5"}],"curies":[{"name":"wp","href":"https:\/\/api.w.org\/{rel}","templated":true}]}}